{"id":247,"date":"2025-12-14T09:25:19","date_gmt":"2025-12-14T09:25:19","guid":{"rendered":"https:\/\/rizekoypazari.com\/tours\/?page_id=247"},"modified":"2026-02-21T22:53:38","modified_gmt":"2026-02-21T22:53:38","slug":"trabzon-havas-servis-saatleri-guncel-seferler","status":"publish","type":"page","link":"https:\/\/rizekoypazari.com\/tours\/trabzon-havas-servis-saatleri-guncel-seferler\/","title":{"rendered":"Trabzon Hava\u015f Servis Saatleri | G\u00fcncel Seferler"},"content":{"rendered":"<h2>Trabzon Hava\u015f ile Seyahatinizi Kolayla\u015ft\u0131r\u0131n: G\u00fcncel Sefer Saatleri<\/h2>\n<figure id=\"attachment_248\" aria-describedby=\"caption-attachment-248\" style=\"width: 800px\" class=\"wp-caption alignnone\"><img loading=\"lazy\" decoding=\"async\" class=\"size-full wp-image-248\" src=\"https:\/\/rizekoypazari.com\/tours\/wp-content\/uploads\/2025\/12\/Trabzon-Havas-Servis-Saatleri-Guncel-Seferler.png\" alt=\"Trabzon Hava\u015f Servis Saatleri G\u00fcncel Seferler\" width=\"800\" height=\"475\" srcset=\"https:\/\/rizekoypazari.com\/tours\/wp-content\/uploads\/2025\/12\/Trabzon-Havas-Servis-Saatleri-Guncel-Seferler.png 800w, https:\/\/rizekoypazari.com\/tours\/wp-content\/uploads\/2025\/12\/Trabzon-Havas-Servis-Saatleri-Guncel-Seferler-300x178.png 300w, https:\/\/rizekoypazari.com\/tours\/wp-content\/uploads\/2025\/12\/Trabzon-Havas-Servis-Saatleri-Guncel-Seferler-768x456.png 768w\" sizes=\"auto, (max-width: 800px) 100vw, 800px\" \/><figcaption id=\"caption-attachment-248\" class=\"wp-caption-text\">Trabzon Hava\u015f Servis Saatleri G\u00fcncel Seferler<\/figcaption><\/figure>\n<p>Trabzon, Karadeniz\u2019in incisi ve turistik cennetlerinden biridir. Hem yerli hem de yabanc\u0131 turistlerin s\u0131kl\u0131kla tercih etti\u011fi bu g\u00fczel \u015fehirde, havaalan\u0131na ula\u015f\u0131m olduk\u00e7a \u00f6nemlidir. <strong><a href=\"https:\/\/rizekoypazari.com\/tours\/?page_id=247&amp;preview=true\">Trabzon Hava\u015f<\/a><\/strong>, \u015fehir i\u00e7indeki en kolay ula\u015f\u0131m se\u00e7eneklerinden birini sunarak, Trabzon Havaalan\u0131&#8217;na rahat ve g\u00fcvenli bir \u015fekilde ula\u015fman\u0131za olanak tan\u0131r.<\/p>\n<h3><a href=\"tel:850-222-04-87\"><img loading=\"lazy\" decoding=\"async\" class=\"alignnone size-full wp-image-66\" src=\"https:\/\/rizekoypazari.com\/tours\/wp-content\/uploads\/2025\/12\/ara.png\" alt=\"ara\" width=\"500\" height=\"250\" srcset=\"https:\/\/rizekoypazari.com\/tours\/wp-content\/uploads\/2025\/12\/ara.png 500w, https:\/\/rizekoypazari.com\/tours\/wp-content\/uploads\/2025\/12\/ara-300x150.png 300w\" sizes=\"auto, (max-width: 500px) 100vw, 500px\" \/><\/a><\/h3>\n<h3><strong>Trabzon Hava\u015f Seferleri ve Saatleri<\/strong><\/h3>\n<p>Trabzon&#8217;da seyahat edenler i\u00e7in Hava\u015f, \u015fehre ula\u015f\u0131m sa\u011flayan en pratik ve konforlu se\u00e7eneklerden biridir. Hava\u015f otob\u00fcsleri, Trabzon Havaalan\u0131&#8217;na gidi\u015f ve geli\u015f saatlerinde d\u00fczenli seferler d\u00fczenler. Her g\u00fcn farkl\u0131 saatlerde kalkan otob\u00fcslerle, \u015fehir merkezinden havaalan\u0131na ve havaalan\u0131ndan \u015fehir merkezine sorunsuz bir \u015fekilde ula\u015fabilirsiniz.<\/p>\n<h3 data-start=\"83\" data-end=\"129\"><strong data-start=\"83\" data-end=\"129\">Trabzon Hava\u015f Servis Saatleri ve Fiyatlar\u0131 2026<\/strong><\/h3>\n<p data-start=\"131\" data-end=\"692\">Trabzon Hava\u015f otob\u00fcsleri, \u015fehir merkezi ile <strong><a href=\"https:\/\/share.google\/8mK3qvUcVGjuo2FkD\">Trabzon Havaliman\u0131<\/a><\/strong> aras\u0131nda d\u00fczenli seferler sunar. Sefer saatleri kadar, fiyatlar da seyahat planlamas\u0131nda \u00f6nemli bir yer tutar. 2025 y\u0131l\u0131 itibar\u0131yla, \u015fehir merkezi ile havaalan\u0131 aras\u0131ndaki Hava\u015f sefer \u00fccretleri ortalama olarak <strong data-start=\"403\" data-end=\"412\">30 TL<\/strong> civar\u0131ndad\u0131r. Fiyatlar, seferin saatine ve talebe ba\u011fl\u0131 olarak de\u011fi\u015fiklik g\u00f6sterebilir, bu y\u00fczden seyahatinizden \u00f6nce fiyatlar\u0131 kontrol etmeniz \u00f6nerilir. \u00d6\u011frenciler ve grup indirimleri gibi avantajl\u0131 fiyat se\u00e7enekleri de mevcut olup, daha ekonomik bir seyahat imkan\u0131 sunmaktad\u0131r.<\/p>\n<h4><strong>Trabzon Hava\u015f Saatleri &#8211; 2025 G\u00fcncel<\/strong><\/h4>\n<p>Trabzon Hava\u015f sefer saatleri, havaalan\u0131na yap\u0131lacak u\u00e7u\u015f saatlerine g\u00f6re \u015fekillenmektedir. Hava\u015f, her u\u00e7u\u015f \u00f6ncesi ve sonras\u0131 d\u00fczenli olarak seferler d\u00fczenler. A\u015fa\u011f\u0131da Trabzon Hava\u015f saatlerine dair genel bir bilgi bulabilirsiniz:<\/p>\n<ul>\n<li><strong>\u015eehir Merkezinden Havaalan\u0131na:<\/strong><br \/>\n<em>06:30, 08:00, 10:00, 12:00, 14:00, 16:00, 18:00, 20:00<\/em><br \/>\nBu saatler, \u015fehir merkezinden Hava\u015f ile havaalan\u0131na gidecek olan yolcular i\u00e7in ge\u00e7erlidir. Sefer saatlerinde de\u011fi\u015fiklik olabilece\u011fi i\u00e7in, u\u00e7u\u015f saatinize en yak\u0131n seferi tercih etmeniz \u00f6nemlidir.<\/li>\n<li><strong>Havaalan\u0131ndan \u015eehir Merkezine:<\/strong><br \/>\n<em>07:30, 09:00, 11:00, 13:00, 15:00, 17:00, 19:00, 21:00<\/em><br \/>\nHava\u015f, havaalan\u0131ndan \u015fehir merkezine de s\u0131k s\u0131k seferler d\u00fczenlemektedir. Bu saatler, havaalan\u0131na ini\u015f yapan yolcular\u0131n \u015fehir merkezine g\u00fcvenli bir \u015fekilde ula\u015fmalar\u0131n\u0131 sa\u011flar.<\/li>\n<\/ul>\n<h5><strong>Neden Trabzon Hava\u015f\u2019\u0131 Tercih Etmelisiniz?<\/strong><\/h5>\n<p>Trabzon Hava\u015f, \u015fehre seyahat eden yolcular i\u00e7in rahatl\u0131k ve konfor sunar. Hava\u015f otob\u00fcsleri, geni\u015f i\u00e7 hacmi, klima ve Wi-Fi hizmetleriyle yolculuk boyunca keyifli bir deneyim sa\u011flar. Ayr\u0131ca, Hava\u015f otob\u00fcsleri zaman\u0131nda kalk\u0131\u015f yaparak yolcular\u0131n u\u00e7a\u011fa yeti\u015fmelerini garanti eder.<\/p>\n<h5><strong>Trabzon Hava\u015f ile Seyahatinizin Tad\u0131n\u0131 \u00c7\u0131kar\u0131n<\/strong><\/h5>\n<p>Hava\u015f, Trabzon\u2019a seyahat edenler i\u00e7in h\u0131zl\u0131 ve pratik bir ula\u015f\u0131m \u00e7\u00f6z\u00fcm\u00fc sunuyor. Hem yerel halk hem de turistler, Hava\u015f seferlerini kullanarak kolayca havaalan\u0131na ula\u015fabiliyor. Seyahatinizin her an\u0131n\u0131 sorunsuz ge\u00e7irmek i\u00e7in Trabzon Hava\u015f saatleri hakk\u0131nda detayl\u0131 bilgi almak \u00f6nemlidir. Seyahatinizden \u00f6nce, online platformlardan veya acentenizden sefer saatlerini kontrol edebilirsiniz.<\/p>\n<h5>Trabzon Hava\u015f: Havaalan\u0131 Ula\u015f\u0131m\u0131n\u0131z \u0130\u00e7in 2025 G\u00fcncel Saatler<\/h5>\n<p>Trabzon Hava\u015f, havaalan\u0131na ula\u015f\u0131m\u0131 olduk\u00e7a kolayla\u015ft\u0131r\u0131rken, konforlu ve g\u00fcvenli bir seyahat deneyimi sunmaktad\u0131r. Planlad\u0131\u011f\u0131n\u0131z seyahat i\u00e7in Hava\u015f sefer saatlerini g\u00f6z \u00f6n\u00fcnde bulundurarak, zaman\u0131nda ve rahat bir ula\u015f\u0131m sa\u011flamak sizin i\u00e7in hi\u00e7 zor olmayacak.<\/p>\n","protected":false},"excerpt":{"rendered":"<p>Trabzon Hava\u015f ile Seyahatinizi Kolayla\u015ft\u0131r\u0131n: G\u00fcncel Sefer Saatleri Trabzon, Karadeniz\u2019in incisi ve turistik cennetlerinden biridir. Hem yerli hem de yabanc\u0131 turistlerin s\u0131kl\u0131kla tercih etti\u011fi bu g\u00fczel \u015fehirde, havaalan\u0131na ula\u015f\u0131m olduk\u00e7a \u00f6nemlidir. Trabzon Hava\u015f, \u015fehir i\u00e7indeki en kolay ula\u015f\u0131m se\u00e7eneklerinden birini sunarak, Trabzon Havaalan\u0131&#8217;na rahat ve g\u00fcvenli bir \u015fekilde ula\u015fman\u0131za olanak tan\u0131r. Trabzon Hava\u015f Seferleri ve &hellip; <a href=\"https:\/\/rizekoypazari.com\/tours\/trabzon-havas-servis-saatleri-guncel-seferler\/\" class=\"more-link\"><span class=\"screen-reader-text\">Trabzon Hava\u015f Servis Saatleri | G\u00fcncel Seferler<\/span> yaz\u0131s\u0131na devam et <span class=\"meta-nav\">&rarr;<\/span><\/a><\/p>\n","protected":false},"author":1,"featured_media":0,"parent":0,"menu_order":0,"comment_status":"closed","ping_status":"closed","template":"","meta":{"footnotes":""},"class_list":["post-247","page","type-page","status-publish","hentry"],"aioseo_notices":[],"_links":{"self":[{"href":"https:\/\/rizekoypazari.com\/tours\/wp-json\/wp\/v2\/pages\/247","targetHints":{"allow":["GET"]}}],"collection":[{"href":"https:\/\/rizekoypazari.com\/tours\/wp-json\/wp\/v2\/pages"}],"about":[{"href":"https:\/\/rizekoypazari.com\/tours\/wp-json\/wp\/v2\/types\/page"}],"author":[{"embeddable":true,"href":"https:\/\/rizekoypazari.com\/tours\/wp-json\/wp\/v2\/users\/1"}],"replies":[{"embeddable":true,"href":"https:\/\/rizekoypazari.com\/tours\/wp-json\/wp\/v2\/comments?post=247"}],"version-history":[{"count":4,"href":"https:\/\/rizekoypazari.com\/tours\/wp-json\/wp\/v2\/pages\/247\/revisions"}],"predecessor-version":[{"id":547,"href":"https:\/\/rizekoypazari.com\/tours\/wp-json\/wp\/v2\/pages\/247\/revisions\/547"}],"wp:attachment":[{"href":"https:\/\/rizekoypazari.com\/tours\/wp-json\/wp\/v2\/media?parent=247"}],"curies":[{"name":"wp","href":"https:\/\/api.w.org\/{rel}","templated":true}]}}