{"id":231,"date":"2025-12-13T14:02:04","date_gmt":"2025-12-13T14:02:04","guid":{"rendered":"https:\/\/rizekoypazari.com\/tours\/?page_id=231"},"modified":"2026-03-17T19:12:48","modified_gmt":"2026-03-17T19:12:48","slug":"ordu-giresun-havas-servis-saatleri-%e2%9c%94%ef%b8%8f","status":"publish","type":"page","link":"https:\/\/rizekoypazari.com\/tours\/ordu-giresun-havas-servis-saatleri-%e2%9c%94%ef%b8%8f\/","title":{"rendered":"Ordu Giresun Hava\u015f Servis Saatleri \u2714\ufe0f"},"content":{"rendered":"<h2><strong>Ordu Giresun Hava\u015f Servis Saatleri: Kolay ve H\u0131zl\u0131 Ula\u015f\u0131m<\/strong><\/h2>\n<figure id=\"attachment_232\" aria-describedby=\"caption-attachment-232\" style=\"width: 800px\" class=\"wp-caption alignnone\"><img loading=\"lazy\" decoding=\"async\" class=\"wp-image-232 size-full\" src=\"https:\/\/rizekoypazari.com\/tours\/wp-content\/uploads\/2025\/12\/Ordu-Giresun-Havas-Servis-Saatleri-\u2714\ufe0f.png\" alt=\"Ordu-Giresun Hava\u015f Servis Saatleri \u2714\ufe0f\" width=\"800\" height=\"475\" srcset=\"https:\/\/rizekoypazari.com\/tours\/wp-content\/uploads\/2025\/12\/Ordu-Giresun-Havas-Servis-Saatleri-\u2714\ufe0f.png 800w, https:\/\/rizekoypazari.com\/tours\/wp-content\/uploads\/2025\/12\/Ordu-Giresun-Havas-Servis-Saatleri-\u2714\ufe0f-300x178.png 300w, https:\/\/rizekoypazari.com\/tours\/wp-content\/uploads\/2025\/12\/Ordu-Giresun-Havas-Servis-Saatleri-\u2714\ufe0f-768x456.png 768w\" sizes=\"auto, (max-width: 800px) 100vw, 800px\" \/><figcaption id=\"caption-attachment-232\" class=\"wp-caption-text\">Ordu Giresun Hava\u015f Servis Saatleri \u2714\ufe0f<\/figcaption><\/figure>\n<p>Ordu-Giresun Havaliman\u0131&#8217;na ula\u015f\u0131m, <a href=\"https:\/\/www.rizetours.com\/ordu-giresun-havas-saatleri\/\"><strong>Ordu Giresun Hava\u015f<\/strong><\/a> servisleri ile olduk\u00e7a pratik ve rahat bir hale geliyor. Hava\u015f, Ordu ve Giresun \u015fehir merkezlerinden ba\u015flayarak, yolcular\u0131 do\u011frudan havaliman\u0131na g\u00fcvenle ula\u015ft\u0131r\u0131r. \u00d6zellikle b\u00f6lgedeki yerli ve yabanc\u0131 turistler i\u00e7in <strong>Ordu Giresun Hava\u015f<\/strong> seferleri, seyahatin her a\u015famas\u0131nda kolayl\u0131k sa\u011flar. U\u00e7u\u015f saatlerinize g\u00f6re d\u00fczenlenen servis saatleri, zaman\u0131nda havaliman\u0131na ula\u015fmak isteyenler i\u00e7in b\u00fcy\u00fck bir avantaj sunuyor.<\/p>\n<h3><a href=\"tel:850-222-04-87\"><img loading=\"lazy\" decoding=\"async\" class=\"alignnone size-full wp-image-66\" src=\"https:\/\/rizekoypazari.com\/tours\/wp-content\/uploads\/2025\/12\/ara.png\" alt=\"ara\" width=\"500\" height=\"250\" srcset=\"https:\/\/rizekoypazari.com\/tours\/wp-content\/uploads\/2025\/12\/ara.png 500w, https:\/\/rizekoypazari.com\/tours\/wp-content\/uploads\/2025\/12\/ara-300x150.png 300w\" sizes=\"auto, (max-width: 500px) 100vw, 500px\" \/><\/a><\/h3>\n<h3><strong>Ordu-Giresun Hava\u015f Servis Saatleri ve G\u00fczergahlar 2026 G\u00fcncel<\/strong><\/h3>\n<p>Ordu-Giresun Hava\u015f servisleri, Ordu \u015fehir merkezi ve Giresun \u015fehir merkezinden kalkarak, Ordu-Giresun Havaliman\u0131\u2019na ula\u015f\u0131m sa\u011flar. Bu servisler, u\u00e7u\u015f saatlerine g\u00f6re uyarlanm\u0131\u015f olarak d\u00fczenli aral\u0131klarla hareket eder. Hava\u015f\u2019\u0131n rahat ve geni\u015f otob\u00fcsleri, uzun yolculuklar\u0131 bile keyifli bir deneyime d\u00f6n\u00fc\u015ft\u00fcr\u00fcr.<\/p>\n<h4><strong>Ordu-Giresun Hava\u015f Sefer Saatleri (\u00d6rnek)<\/strong><\/h4>\n<ul>\n<li><strong>Ordu Merkez &#8211; Havaliman\u0131<\/strong>: 05:30 &#8211; 07:30 &#8211; 09:30 &#8211; 11:30 &#8211; 13:30 &#8211; 15:30 &#8211; 17:30 &#8211; 19:30<\/li>\n<li><strong>Giresun Merkez &#8211; Havaliman\u0131<\/strong>: 06:00 &#8211; 08:00 &#8211; 10:00 &#8211; 12:00 &#8211; 14:00 &#8211; 16:00 &#8211; 18:00 &#8211; 20:00<\/li>\n<li><strong>Havaliman\u0131 &#8211; Ordu Merkez<\/strong>: 06:30 &#8211; 08:30 &#8211; 10:30 &#8211; 12:30 &#8211; 14:30 &#8211; 16:30 &#8211; 18:30 &#8211; 20:30<\/li>\n<li><strong>Havaliman\u0131 &#8211; Giresun Merkez<\/strong>: 07:00 &#8211; 09:00 &#8211; 11:00 &#8211; 13:00 &#8211; 15:00 &#8211; 17:00 &#8211; 19:00 &#8211; 21:00<\/li>\n<\/ul>\n<p><em>Not: Saatler \u00f6rnek olup de\u011fi\u015fiklik g\u00f6sterebilir. G\u00fcncel saat bilgileri i\u00e7in Hava\u015f\u2019\u0131n resmi web sitesini kontrol edin.<\/em><\/p>\n<h3><strong>Ordu-Giresun Hava\u015f Servis \u00dccretleri ve Avantajlar\u0131<\/strong><\/h3>\n<p><strong>Ordu-Giresun Hava\u015f<\/strong> ile seyahat etmek, \u00f6zel ara\u00e7 kullan\u0131m\u0131na g\u00f6re olduk\u00e7a uygun fiyatl\u0131d\u0131r. Hava\u015f servislerinin sundu\u011fu ekonomik fiyatlar, b\u00f6lgedeki yolcular i\u00e7in cazip bir se\u00e7enek sunar. Hem Ordu hem de Giresun&#8217;dan havaliman\u0131na ula\u015f\u0131m sa\u011flayan Hava\u015f servisleri, konforlu ve g\u00fcvenli bir yolculuk deneyimi sunar.<\/p>\n<h4><strong>Hava\u015f ile Ula\u015f\u0131m\u0131n Avantajlar\u0131<\/strong><\/h4>\n<ul>\n<li><strong>Zaman\u0131nda Seyahat<\/strong>: Hava\u015f servisleri, u\u00e7u\u015f saatlerinize g\u00f6re hareket eder ve sizi zaman\u0131nda havaliman\u0131na ula\u015ft\u0131r\u0131r.<\/li>\n<li><strong>Ekonomik Fiyatlar<\/strong>: Toplu ta\u015f\u0131ma ile havaliman\u0131na ula\u015fmak, \u00f6zel ara\u00e7 kullanmaya g\u00f6re daha uygun maliyetlidir.<\/li>\n<li><strong>Konforlu Yolculuk<\/strong>: Geni\u015f ve rahat otob\u00fcsler, uzun mesafeli yolculuklar\u0131 bile konforlu hale getirir.<\/li>\n<li><strong>Kolay Ula\u015f\u0131m<\/strong>: Servisler, Ordu ve Giresun \u015fehir merkezlerinden direk havaliman\u0131na seferler d\u00fczenler, b\u00f6ylece ekstra bir aktarma yapman\u0131za gerek kalmaz.<\/li>\n<\/ul>\n<p><strong>Ordu-Giresun Hava\u015f<\/strong> servisleri, her ya\u015ftan yolcu i\u00e7in ideal bir ula\u015f\u0131m se\u00e7ene\u011fi sunar. E\u011fer siz de Ordu veya Giresun&#8217;dan <a href=\"https:\/\/share.google\/PgP3DAtbKu87pTwJT\"><strong>Ordu-Giresun Havaliman\u0131<\/strong><\/a>&#8216;na gitmek istiyorsan\u0131z, Hava\u015f\u2019\u0131n d\u00fczenli seferlerinden faydalanarak rahat bir yolculuk yapabilirsiniz.<\/p>\n<h3><strong>Hava\u015f ile Seyahatinizi Planlay\u0131n!<\/strong><\/h3>\n<p>Hava\u015f servisleri, hem konforlu hem de uygun fiyatl\u0131 bir ula\u015f\u0131m \u00e7\u00f6z\u00fcm\u00fc arayanlar i\u00e7in m\u00fckemmel bir tercih. U\u00e7u\u015f saatinizden \u00f6nce <strong>Ordu-Giresun Hava\u015f<\/strong> servislerinin saatlerini kontrol ederek rahat bir yolculuk planlayabilirsiniz.<\/p>\n","protected":false},"excerpt":{"rendered":"<p>Ordu Giresun Hava\u015f Servis Saatleri: Kolay ve H\u0131zl\u0131 Ula\u015f\u0131m Ordu-Giresun Havaliman\u0131&#8217;na ula\u015f\u0131m, Ordu Giresun Hava\u015f servisleri ile olduk\u00e7a pratik ve rahat bir hale geliyor. Hava\u015f, Ordu ve Giresun \u015fehir merkezlerinden ba\u015flayarak, yolcular\u0131 do\u011frudan havaliman\u0131na g\u00fcvenle ula\u015ft\u0131r\u0131r. \u00d6zellikle b\u00f6lgedeki yerli ve yabanc\u0131 turistler i\u00e7in Ordu Giresun Hava\u015f seferleri, seyahatin her a\u015famas\u0131nda kolayl\u0131k sa\u011flar. U\u00e7u\u015f saatlerinize g\u00f6re &hellip; <a href=\"https:\/\/rizekoypazari.com\/tours\/ordu-giresun-havas-servis-saatleri-%e2%9c%94%ef%b8%8f\/\" class=\"more-link\"><span class=\"screen-reader-text\">Ordu Giresun Hava\u015f Servis Saatleri \u2714\ufe0f<\/span> yaz\u0131s\u0131na devam et <span class=\"meta-nav\">&rarr;<\/span><\/a><\/p>\n","protected":false},"author":1,"featured_media":0,"parent":0,"menu_order":0,"comment_status":"closed","ping_status":"closed","template":"","meta":{"footnotes":""},"class_list":["post-231","page","type-page","status-publish","hentry"],"aioseo_notices":[],"_links":{"self":[{"href":"https:\/\/rizekoypazari.com\/tours\/wp-json\/wp\/v2\/pages\/231","targetHints":{"allow":["GET"]}}],"collection":[{"href":"https:\/\/rizekoypazari.com\/tours\/wp-json\/wp\/v2\/pages"}],"about":[{"href":"https:\/\/rizekoypazari.com\/tours\/wp-json\/wp\/v2\/types\/page"}],"author":[{"embeddable":true,"href":"https:\/\/rizekoypazari.com\/tours\/wp-json\/wp\/v2\/users\/1"}],"replies":[{"embeddable":true,"href":"https:\/\/rizekoypazari.com\/tours\/wp-json\/wp\/v2\/comments?post=231"}],"version-history":[{"count":10,"href":"https:\/\/rizekoypazari.com\/tours\/wp-json\/wp\/v2\/pages\/231\/revisions"}],"predecessor-version":[{"id":563,"href":"https:\/\/rizekoypazari.com\/tours\/wp-json\/wp\/v2\/pages\/231\/revisions\/563"}],"wp:attachment":[{"href":"https:\/\/rizekoypazari.com\/tours\/wp-json\/wp\/v2\/media?parent=231"}],"curies":[{"name":"wp","href":"https:\/\/api.w.org\/{rel}","templated":true}]}}